e factors of j(5).
3, 5
Let n(h) = 6*h**2 + h - 2. Suppose -2*i + c = -3, -i + 3*c + 2*c = -6. Suppose -1 = b + i. What are the prime factors of n(b)?
2, 5
Let g be -1 + 2 + (-4)/(-2). Suppose -g*c = -9 - 51. List the prime factors of c.
2, 5
List the prime factors of -2 - (-6 - -3)/(3/141).
139
Let l(w) be the first derivative of 3*w**2/2 - 4*w - 2. What are the prime factors of l(4)?
2
What are the prime factors of (13/26)/(1/30)?
3, 5
Let u be 1 - (-1 + -3 + 2). Suppose -3*l - 6 = -5*l - 4*d, 0 = u*l - 2*d - 25. What are the prime factors of l?
7
Suppose 0 = -3*v - 4*h + 111, v - 37 = -0*v + 3*h. Let f = v - -2. What are the prime factors of f?
3, 13
Let o(j) = -37*j - 10. List the prime factors of o(-1).
3
Let z(q) = q**3 - 7*q**2 + 5. Let o(u) = 2*u**2 + 5*u + 4. Let h be o(-3). Let l be z(h). What are the prime factors of 2 - (-5)/(l/16)?
2, 3
Let g(i) = 38*i**3 + i**2 - 3*i + 6. List the prime factors of g(2).
2, 7, 11
Suppose 3*c - 23*c + 3300 = 0. What are the prime factors of c?
3, 5, 11
Let g(f) = -f**3 - 8*f**2 - 2*f - 12. Suppose -8 = -2*u - 2*u. Suppose -t = 5*q + 42, u*t - 3*t - 2 = 0. What are the prime factors of g(q)?
2
Let r = 32 - 23. Let k = r - 6. Let s = 5 - k. What are the prime factors of s?
2
What are the prime factors of (17/51)/(1/570)?
2, 5, 19
Let r = -16 - -26. List the prime factors of r.
2, 5
List the prime factors of (-642)/(-18) + 6/(-9).
5, 7
Let a(t) = -t + 1. Let b be a(-1). Suppose -h - b + 11 = 0. What are the prime factors of h?
3
Suppose 1 = d + 3. List the prime factors of (d/(-3))/(3/81).
2, 3
Let f = -5 + 8. Let a be (f/(-9))/(3/9). What are the prime factors of 4/(-6)*(a - 8)?
2, 3
Let d = -17 + 35. List the prime factors of d.
2, 3
Let v = -18 - -9. Suppose -2*t - 289 = -85. List the prime factors of t/v + (-4)/(-6).
2, 3
What are the prime factors of (-8)/32 + (-2330)/(-8)?
3, 97
Let q(u) = 3*u + 8. Let v be (-4)/20 - (-41)/5. What are the prime factors of q(v)?
2
Let j be (-1 + 1)*(0 - -1). Let y be (1 - j)*(-18)/(-6). Suppose 0 = -4*l + 5*d + 28, -y*d - d = l - 7. List the prime factors of l.
7
Let v be 4*-2*(-4)/(-16). Let m(j) = -j**3 + 3*j**2 - 2. What are the prime factors of m(v)?
2, 3
Let d(i) = -33*i + 26. What are the prime factors of d(-5)?
191
Let m = 17 - 12. Let t be 1*(-6)/3 - 18. List the prime factors of (2/(-4))/(m/t).
2
Let u(b) = -b**2 - b + 5*b**2 + 3*b. List the prime factors of u(-2).
2, 3
Let a(g) = 3*g**2 - 7*g. List the prime factors of a(3).
2, 3
Let y(l) be the first derivative of 2*l**3/3 - l**2/2 - 1. Let w be y(-1). Suppose -2*n - 2 = f - 7, -3*n - 3*f + w = 0. List the prime factors of n.
2
Suppose 2*n - 11 = -29. Let v = 19 - 17. Let o = v - n. What are the prime factors of o?
11
Let c(w) = 4*w**3 - 6*w**2 + 4*w - 6. Let b(h) = h**3 - 1. Let o(q) = 3*b(q) - c(q). List the prime factors of o(3).
2, 3
Let d be (-2)/7 + 144/63. Suppose 2*j - 4*c = -14, 5*j - d*c = -0*j + 5. List the prime factors of j.
3
Suppose -2*c + 97 = 5*b, -3*c + c - 2*b = -88. List the prime factors of c.
41
Suppose -2*j + 49 = -j - 2*o, 3*j = 4*o + 147. What are the prime factors of j?
7
Suppose 0 = 5*f - 14 - 106. What are the prime factors of f?
2, 3
Suppose -90 = -v - 4*n, 3*n + 144 = v + 19. What are the prime factors of v?
2, 5, 11
Let i = 153 - -60. What are the prime factors of i?
3, 71
Suppose 2*t - 6*t = -2*w - 102, -3*t + 2*w + 74 = 0. List the prime factors of t.
2, 7
Suppose w = 4*q + 4*w - 17, 3*q = 4*w + 19. Suppose 5*u - o - 3 = 2*o, -q*u - 1 = o. Suppose u*j = -4*j + 24. List the prime factors of j.
2, 3
Let n = -34 + 49. List the prime factors of n.
3, 5
Suppose 0 = 5*u - 0*u - 10. Suppose 5*r - u*c = -2 + 27, 3*c = -5*r. Suppose r*j - z = -6*z + 37, -25 = -3*j + z. What are the prime factors of j?
3
Suppose -5*o + 9 = -111. Suppose -6*t + o = -2*t. What are the prime factors of t?
2, 3
Suppose 3*o + o = 100. Suppose -2*a - x + o = 0, a - 4*x - 54 = -2*a. Suppose -3*l + 7 + a = 0. List the prime factors of l.
7
Let i(z) = -z. Let x = -9 + 3. What are the prime factors of i(x)?
2, 3
Let t be (-102)/(-5) + (-6)/15. Suppose -3*m + 47 = b - t, 2*m + b = 46. What are the prime factors of m?
3, 7
Let o(z) = 3*z**3 + 2*z**2 + 4*z - 8. What are the prime factors of o(4)?
2, 29
Let n(r) = -2*r - 6. Let y be n(-4). Let q(h) = -5*h**y - 4*h + 4 + 4*h**2 - 4*h. List the prime factors of q(-7).
11
Let g = 6 - -36. What are the prime factors of g?
2, 3, 7
Suppose -4*s - 37 = -r - 3*s, r + 5*s - 49 = 0. Suppose a + r = l, l - 4*a = -l + 76. What are the prime factors of l?
2, 5
Suppose -4*k = 3*p - 2*p - 35, -2*p = -4*k - 46. List the prime factors of (p/(-2))/(2/(-4)).
3
Let c(j) = j**2 + 5*j + 7. List the prime factors of c(7).
7, 13
Let y(d) be the second derivative of d**3 - d**2/2 + 2*d. What are the prime factors of y(6)?
5, 7
Suppose -4*w + 3*w = 2*c - 3, -33 = -3*w + 2*c. List the prime factors of w.
3
Suppose 3 = -c - 2*c. Suppose 4*s + 27 = 5*k, 0 = 3*k - 2*s - 11 - 4. Let r = c + k. What are the prime factors of r?
2
Let t(i) = 7*i**2 + 3*i - 11. Let a(l) = -3*l**2 - 2*l + 6. Let g(z) = 5*a(z) + 2*t(z). Let w be g(-6). Let d = w + 13. What are the prime factors of d?
3
Let b(p) = -p**3 + 9*p**2 - 8*p - 8. Let q be b(7). Suppose q = 3*n + 4*c, -2*c - 1 = 3. What are the prime factors of (4/(-2))/((-2)/n)?
2, 7
Suppose -52 = -4*u + 100. Suppose 6 = 4*c - u. What are the prime factors of c?
11
Let o(a) = -10*a - 4. Let z be o(3). Let k = z + 21. Let x = k - -25. List the prime factors of x.
2, 3
Let j = 234 - 93. What are the prime factors of j?
3, 47
Suppose -2 - 30 = 4*k. Let d = k + 24. Let a = 28 - d. List the prime factors of a.
2, 3
Let z(i) = -i**3 + 13*i**2 + 3*i - 18. Let o be ((-26)/6)/(1/(-3)). List the prime factors of z(o).
3, 7
Let m be 5/10 - (-1078)/4. List the prime factors of (24/15)/(12/m).
2, 3
Suppose -5*a + 0 = -n - 10, -13 = -2*n - a. Suppose -8 = n*s - 18. Suppose -3*t + s*d + 0*d = -6, -2*d = t - 2. What are the prime factors of t?
2
Let s = -54 + 57. Let i(f) = -f**2 + 2*f - 2. Let d be i(2). Let g = s - d. List the prime factors of g.
5
Let q = -14 - -3. Let k be 2*q/(-2) - 1. Let u = 21 - k. List the prime factors of u.
11
Let c = 520 - 351. List the prime factors of c.
13
Let t(n) = n**2 - n - 2. Let p be t(2). Suppose 5*r + p = 95. What are the prime factors of r?
19
Let d(r) = -r + 9. Let z be d(5). Suppose 20 = 4*t + 3*c, 2*c - 12 - z = -4*t. List the prime factors of t.
2
Let f be (12/(-10))/((-1)/(-5)). Let d = 13 + f. Let h = 8 + d. What are the prime factors of h?
3, 5
Suppose -j + 8 = 3*j. Suppose k + 3*b - 34 = 0, -k - j*b = -17 - 20. What are the prime factors of k?
43
Let l = -3 - -7. Suppose 0 = -5*p + x + 22 - 1, l = -4*x. What are the prime factors of p?
2
Let v(a) = -a**3 + 8*a**2 - 6*a + 5. Let w = 7 - 1. List the prime factors of v(w).
41
Let x be ((-4)/3)/(1/(-93)). Suppose 3*l - 2*c = 213, -5*l + 4*c + x + 233 = 0. Suppose -m = i - 19, 2*i - 5 + l = 4*m. What are the prime factors of m?
17
Suppose -4*w = -11 - 1. Let o(c) = c + w + 3 - 3. What are the prime factors of o(0)?
3
Suppose 3*h - o - 61 - 43 = 0, 61 = 2*h + o. What are the prime factors of h?
3, 11
Let f = -1 + 4. Suppose 4*j - 34 = -2*o - 0*j, f*j = 9. What are the prime factors of o?
11
Suppose -b = 2, 4*s = b - 7 + 21. Let r = s - -22. List the prime factors of r.
5
Let n = 97 - 72. List the prime factors of n.
5
Let v = 137 + -83. Suppose -v = -5*i - 4*h, -2*i + 4*h + 0*h + 44 = 0. List the prime factors of i.
2, 7
Suppose -5*t + 27 = 2. Suppose 0 = -2*m + 2*o - 4*o + 50, 78 = 2*m - t*o. List the prime factors of m.
29
Let w(i) = 2*i**2 - 17*i + 8. What are the prime factors of w(10)?
2, 19
Suppose -5*j + 2 = -8. Suppose -j*g = -g - 3. What are the prime factors of g?
3
Let d = -4 - -8. Suppose -5*y + j + 83 = d, -y = -4*j - 31. List the prime factors of y.
3, 5
Let m(f) = -f - 1. Let w be m(-3). Suppose -w*a + 4*n = a + 4, -4 = 4*a - 5*n. Suppose d + i + 0*i = 11, 5*d = -a*i + 55. What are the prime factors of d?
11
Let f = 43 + -24. What are the prime factors of f?
19
Let t = -64 + 66. List the prime factors of t.
2
Suppose 0 = 3*c - 0*c. Suppose 2*y + 0*y = c. Suppose -5*i + r + 87 = y, 2 + 7 = i - 3*r. List the prime factors of i.
2, 3
Let c be (-57)/(-9) + (-4)/